hat is m(50)?
-3
Let l(g) = g**3 + 8*g**2 + 7*g - 11. What is l(-7)?
-11
Let l(o) = -8*o + 10. What is l(1)?
2
Let n(r) = -28*r + 4. Give n(1).
-24
Let a(r) = r**2 - 6*r + 4. Determine a(2).
-4
Let c(b) = -9*b + 2. Give c(5).
-43
Let c(g) = -2*g + 13. Give c(5).
3
Let l(f) = 21*f - 395. What is l(19)?
4
Let z(u) = -27*u + 30. Calculate z(4).
-78
Let w(s) = s**2 - 5*s + 1. What is w(8)?
25
Let h(r) = 4*r - 22. Determine h(6).
2
Let w(b) = -b**2 + 8*b + 5. Calculate w(3).
20
Let f(j) = -j**3 - 4*j**2 - 16*j - 40. Give f(-3).
-1
Let a(b) = 2*b + 17. Determine a(-15).
-13
Let m(x) = x**3 - 4*x**2 - 2*x + 1. What is m(2)?
-11
Let r(z) = z**2 + 8*z - 4. Give r(-7).
-11
Let m(x) = 10*x - 629. Determine m(64).
11
Let t(l) = -l**3 + 16*l**2 - 15*l - 4. Determine t(15).
-4
Let m(u) = -u**2 + 8*u - 15. Calculate m(4).
1
Let t(h) = -h**3 - 11*h**2 + 5*h + 2. What is t(-11)?
-53
Let m(t) = -t**3 - 8*t**2 - 7*t - 51. Calculate m(-8).
5
Let s(c) = c**2 + 24*c + 65. Give s(-21).
2
Let x(l) = l. Calculate x(0).
0
Let b(f) = -3*f. Calculate b(3).
-9
Let b(y) = y**2 + 15*y + 19. Calculate b(-14).
5
Let p(j) = -j - 12. Determine p(-7).
-5
Let r(h) = h**2 - h - 27. Calculate r(-6).
15
Let m(k) = k**3 - 15*k**2 + 8*k - 8. Calculate m(15).
112
Let x(v) = -v**3 - 17*v**2 + 37*v - 24. What is x(-19)?
-5
Let y(a) = -a**2 - 13*a - 3. What is y(-14)?
-17
Let g(z) = 5*z**2 - 43*z - 17. Give g(9).
1
Let v(z) = -z - 24. What is v(-18)?
-6
Let y(p) = 2*p + 48. Determine y(-15).
18
Let t(i) = 12*i + 290. What is t(-24)?
2
Let h(u) = u**3 + 7*u + 23. What is h(-3)?
-25
Let p(z) = -2*z**3 + 48*z**2 - 215*z - 9. Calculate p(6).
-3
Let n(w) = 5*w - 206. Give n(39).
-11
Let w(j) = j**3 + 11*j**2 - 2*j - 5. Determine w(-11).
17
Let g(b) = -7*b - 12. Calculate g(-3).
9
Let o(g) = 7*g - 3. Give o(-4).
-31
Let a(b) = -b**2 - 6*b + 19. Give a(4).
-21
Let m(z) = z**2 + 30*z + 31. What is m(-29)?
2
Let c(a) = -15*a + 21. Give c(2).
-9
Let v(w) = -20*w + 673. Give v(34).
-7
Let p(j) = j**2 - 3*j - 11. Give p(0).
-11
Let a(y) = y - 37. Determine a(16).
-21
Let o(v) = -v**3 - 6*v**2 + 73*v + 6. Determine o(-12).
-6
Let g(y) = -y**3 + 4*y**2 + 15*y - 51. Determine g(6).
-33
Let h(p) = -p**3 - 7*p**2 - 7*p - 8. What is h(-6)?
-2
Let r(m) = -5*m**2 + 40*m - 1. Determine r(8).
-1
Let w(m) = -m**2 + 9*m + 261. Calculate w(21).
9
Let s(j) = j**3 - 20*j**2 - 46*j + 33. Determine s(22).
-11
Let n(l) = 3*l + 21. What is n(0)?
21
Let w(s) = -4*s**3 - 2*s + 1. What is w(1)?
-5
Let y(d) = 107*d - 741. Calculate y(7).
8
Let x(b) = -b**3 + 14*b**2 + 27*b - 521. What is x(13)?
-1
Let s(o) = o**3 - 8*o**2 - 8*o + 1. What is s(9)?
10
Let b(v) = v**2 + 16*v + 49. What is b(-4)?
1
Let a(v) = 5*v - 30. Determine a(5).
-5
Let y(q) = -q**2 - 12*q - 4. Calculate y(-9).
23
Let g(b) = -b**2 + 12*b - 43. Determine g(6).
-7
Let a(g) = -g**2 - 24*g - 39. Calculate a(-22).
5
Let y(o) = -o + 4. Determine y(5).
-1
Let y(d) = d**3 - 18*d**2 - 5*d - 23. Give y(18).
-113
Let w(h) = -h**2 - 16. Give w(0).
-16
Let g(m) = m**2 + 27*m + 126. Determine g(-21).
0
Let t(q) = q**2 + 15*q + 6. What is t(-12)?
-30
Let p(u) = u**2 - 15*u + 18. What is p(14)?
4
Let x(m) = -m**2 + 2*m + 24. Calculate x(0).
24
Let d(w) = w + 9. Determine d(-6).
3
Let z(x) = 14*x + 6. Give z(4).
62
Let f(t) = -3*t - 30. Determine f(-16).
18
Let b(o) = -o**3 - 5*o**2 + 7*o - 1. Calculate b(-6).
-7
Let a(w) = w**3 + 8*w**2 - 11*w - 26. Determine a(-8).
62
Let u(p) = -59*p**3 - 3*p - 2. Give u(-1).
60
Let t(d) = 3*d**2 + 90*d - 11. What is t(-30)?
-11
Let q(s) = s**2 - s - 1. Determine q(3).
5
Let c(q) = q**3 + 9*q**2 + 9*q + 12. What is c(-8)?
4
Let l(h) = -15*h + 6. Calculate l(4).
-54
Let i(h) = 2*h**2 - 22*h + 33. What is i(8)?
-15
Let d(x) = 10*x + 85. Determine d(-9).
-5
Let a(n) = -n**3 - 3*n**2 + 9*n - 12. Give a(-5).
-7
Let d(g) = 2*g**2 + 7*g - 7. Determine d(-4).
-3
Let t(r) = -r - 16. What is t(-12)?
-4
Let y(f) = -f**3 + 12*f**2 + 10*f + 45. Calculate y(13).
6
Let m(l) = -28*l - 2. Give m(1).
-30
Let l(a) = a**3 - 8*a**2 + 12*a - 4. Give l(6).
-4
Let f(t) = -t**3 - 7*t**2 + 9*t + 2. Calculate f(-8).
-6
Let v(a) = 41*a - 165. Determine v(4).
-1
Let a(s) = -3*s**3 - 3*s**2. Determine a(-2).
12
Let u(z) = z**2 - 6*z + 8. What is u(5)?
3
Let s(i) = 3*i**2 - 21*i - 1. Calculate s(9).
53
Let y(w) = -59*w - 423. What is y(-7)?
-10
Let z(x) = -x**2 - 7*x + 44. Determine z(-11).
0
Let b(h) = 4*h - 15. Determine b(9).
21
Let c(o) = -3*o**2 - 35*o - 11. Give c(-11).
11
Let i(k) = 7*k**2 + k + 3. Give i(-1).
9
Let x(c) = c**3 - 21*c**2 + 2*c - 47. Determine x(21).
-5
Let d(p) = -p**2 - 18*p - 27. Calculate d(-17).
-10
Let a(v) = -v**2 - 2*v + 7. Calculate a(3).
-8
Let q(f) = -6*f + 30. Determine q(10).
-30
Let b(y) = -y**3 - 34*y**2 - 33*y - 30. Determine b(-33).
-30
Let b(c) = 3*c**3 + 2*c**2 - 4*c - 7. Calculate b(-2).
-15
Let r(g) = 2*g + 27. Determine r(-10).
7
Let a(n) = -2*n - 10. Calculate a(-3).
-4
Let a(q) = q**3 - 7*q**2 - 8*q + 10. Give a(8).
10
Let g(t) = t**2 + 24*t + 82. What is g(-5)?
-13
Let l(q) = q**2 + 12*q - 263. What is l(11)?
-10
Let a(o) = 4*o**3 + o**2 - o + 1. Give a(1).
5
Let t(r) = -15*r + 39. What is t(2)?
9
Let b(r) = -8*r + 3. Calculate b(1).
-5
Let c(g) = -18*g**3 - g**2 + 10*g - 9. Determine c(2).
-137
Let k(i) = -5*i - 12. Give k(-3).
3
Let h(j) = 13*j - 72. What is h(4)?
-20
Let u(o) = o**3 + 19*o**2 + 24*o + 7. What is u(-18)?
-101
Let o(f) = f + 3. Calculate o(-5).
-2
Let q(f) = 4*f - 39. Calculate q(9).
-3
Let h(k) = 2*k**2 + 14*k + 27. Give h(-4).
3
Let l(z) = -54*z - 24. Calculate l(-1).
30
Let t(a) = 2*a + 16. Give t(-13).
-10
Let m(x) = -x**3 - 16*x**2 + x + 18. Give m(-15).
-222
Let u(y) = 49*y - 1. Calculate u(-1).
-50
Let v(w) = -4*w**2 + 79*w + 23. Give v(20).
3
Let c(p) = -p**2 + 31*p + 62. Determine c(33).
-4
Let m(h) = -5*h**2 - 1. What is m(-2)?
-21
Let t(s) = s**2 - 2*s - 5. Calculate t(-6).
43
Let w(d) = 2*d + 45. What is w(-20)?
5
Let z(n) = -2*n**2 + 25*n + 8. Calculate z(13).
-5
Let z(y) = -4*y**2 + 75*y + 20. Give z(19).
1
Let x(t) = -t**2 + 30*t - 98. What is x(4)?
6
Let g(q) = -7*q + 18. Calculate g(4).
-10
Let z(x) = x**2 - 4*x + 7. What is z(13)?
124
Let q(o) = 93*o - 746. Determine q(8).
-2
Let s(w) = w**3 + 3*w**2 - 1. Calculate s(2).
19
Let b(l) = l + 3. Give b(7).
10
Let t(b) = b**3 - 4*b**2 - b - 67. Determine t(6).
-1
Let w(z) = -z**3 + 8*z**2 - 6*z - 4. Give w(7).
3
Let n(b) = b**2 - 9*b + 23. Give n(6).
5
Let w(z) = -8*z + 221. Calculate w(27).
5
Let q(u) = -4*u - 12. Calculate q(-6).
12
Let w(j) = -10*j + 3. Determine w(1).
-7
Let s(a) = a + 1. Give s(-4).
-3
Let w(n) = -5*n + 6. What is w(7)?
-29
Let n(o) = o**2 - 1. Calculate n(-2).
3
Let b(r) = -r**3 + 10*r**2 - r + 10. Determine b(10).
0
Let d(m) = -7*m - 55. Determine d(-8).
1
Let i(r) = -r**3 + 12*r**2 + 8*r - 36. Determine i(12).
60
Let m(s) = 4*s**2 + 57*s + 21. Determine m(-14).
7
Let m(x) = -x**3 + 16*x**2 - 27*x + 9. Determine m(13).
165
Let p(x) = -x**3 + x + 18. Determine p(0).
18
Let s(j) = 4*j**2 - 3*j - 1. Determine s(2).
9
Let t(v) = 22*v**2 + v. Give t(1).
23
Let g(w) = 3*w. Give g(-5).
-15
Let c(n) = -6*n**3 + 3*n**2 + n - 1. Determine c(3).
-133
Let o(d) = 8*d**2 + 2*d - 3. Give o(2).
33
Let s(g) = g**3 - 9*g**2 + 13*g. What is s(7)?
-7
Let y(j) = 12*j + 390. Calculate y(-32).
6
Let c(w) = w**3 + 2*w**2 - 19*w + 36. Determine c(-6).
6
Let p(b) = b**3 - 6*b**2 - 11*b + 9. Determine p(7).
-19
Let a(f) = f**3 - 7*f**2 - 2*f - 2. Determine a(7).
-16
Let q(p) = 4*p + 7. What is q(6)?
31
Let j(f) = -4*f - 4. Give j(-2).
4
Let c(t) = 5*t - 83. What is c(21)?
22
Let p(y) = -5*y + 4. What is p(2)?
-6
Let q(h) = -h**3 + 10*h**2 + h - 5. Calculate q(10).
5
Let g(v) = v**2 + 61*v + 424. Determine g(-8).
0
Let w(c) = -2*c - 3. Calculate w(-3).
3
Let k(f) = f**3 + f**2 - 16*f + 23. Determine k(2).
3
Let z(x) = -4*x + 6. What is z(2)?
-2
Let h(p) = 2*p**2 - 5*p + 3. Calculate h(3).
6
Let b(h) = -4*h - 6. Give b(17).
-74
Let q(l) = l**3 - l**2 + l - 48. Calculate q(0).
-48
Let w(b) = b**2 + b + 90. Give w(0).
90
Let t(l) = -l + 8. Calculate t(2).
6
Let k(f) = -f**3 + 13*f**2 + 45*f + 49. Determine k(16).
1
Let k(h) = -112*h + 890. Calculate k(8).
-6
Let m(h) = -h**2 + 5*h + 1. Determine m(5).
1
Let d(f) = f**3 + 3*f**2 - 6*f - 14. 